{"id":14786,"date":"2014-12-17T09:29:01","date_gmt":"2014-12-17T09:29:01","guid":{"rendered":"https:\/\/the7.io\/news\/?page_id=14786"},"modified":"2026-02-10T09:50:45","modified_gmt":"2026-02-10T08:50:45","slug":"abstract","status":"publish","type":"page","link":"https:\/\/congresso.aimn.it\/index.php\/abstract\/","title":{"rendered":"Abstract"},"content":{"rendered":"<div class=\"wpb-content-wrapper\"><p>[vc_row][vc_column]<div id=\"ultimate-heading-51369e3537f17bfb\" class=\"uvc-heading ult-adjust-bottom-margin ultimate-heading-51369e3537f17bfb uvc-6683  uvc-heading-default-font-sizes\" data-hspacer=\"icon_only\"  data-halign=\"center\" style=\"text-align:center\"><div class=\"uvc-main-heading ult-responsive\"  data-ultimate-target='.uvc-heading.ultimate-heading-51369e3537f17bfb h2'  data-responsive-json-new='{\"font-size\":\"\",\"line-height\":\"\"}' ><h2 style=\"--font-weight:theme;\">CONTRIBUTI SCIENTIFICI<\/h2><\/div><div class=\"uvc-heading-spacer icon_only\" style=\"margin-bottom:20px;\"><div class=\"ult-just-icon-wrapper  \"><div class=\"align-icon\" style=\"text-align:center;\">\n<div class=\"aio-icon advanced \"  style=\"color:#0467a3;border-style:dotted;border-color:#243d67;border-width:1px;width:50px;height:50px;line-height:50px;border-radius:500px;font-size:26px;display:inline-block;\">\n\t<i class=\"icomoon-the7-font-the7-arrow-05\"><\/i>\n<\/div><\/div><\/div><\/div><div class=\"uvc-sub-heading ult-responsive\"  data-ultimate-target='.uvc-heading.ultimate-heading-51369e3537f17bfb .uvc-sub-heading '  data-responsive-json-new='{\"font-size\":\"\",\"line-height\":\"\"}'  style=\"font-weight:normal;\"><\/p>\n<h4><b>Il sistema di sottomissione \u00e8 chiuso.<\/b><\/h4>\n<h5><b>Grazie di aver inviato i vostri lavori.<\/b><\/h5>\n<h5><b>A breve verranno inviate le lettere di accettazione degli abstract.<\/b><\/h5>\n<p>In caso di problemi inerenti l\u2019invio, si prega di contattare Adele Moscatelli &#8211; Segreteria Organizzativa MZ Events tel. 02\/66802323 int 918, e-mail: <a href=\"mailto:abstractaimn2026@mzevents.it\">abstractaimn2026@mzevents.it<\/a><\/div><\/div>[vc_row_inner disable_element=&#8221;yes&#8221;][vc_column_inner width=&#8221;1\/2&#8243;]<div id=\"ultimate-heading-774669e3537f17cce\" class=\"uvc-heading ult-adjust-bottom-margin ultimate-heading-774669e3537f17cce uvc-9632  uvc-heading-default-font-sizes\" data-hspacer=\"icon_only\"  data-halign=\"center\" style=\"text-align:center\"><div class=\"uvc-main-heading ult-responsive\"  data-ultimate-target='.uvc-heading.ultimate-heading-774669e3537f17cce h2'  data-responsive-json-new='{\"font-size\":\"\",\"line-height\":\"\"}' ><h2 style=\"--font-weight:theme;margin-top:30px;\">ISTRUZIONI PER L'INVIO<\/h2><\/div><div class=\"uvc-heading-spacer icon_only\" style=\"margin-bottom:20px;\"><div class=\"ult-just-icon-wrapper  \"><div class=\"align-icon\" style=\"text-align:center;\">\n<div class=\"aio-icon advanced \"  style=\"color:#0467a3;border-style:dotted;border-color:#243d67;border-width:1px;width:50px;height:50px;line-height:50px;border-radius:500px;font-size:26px;display:inline-block;\">\n\t<i class=\"icomoon-the7-font-the7-arrow-05\"><\/i>\n<\/div><\/div><\/div><\/div><div class=\"uvc-sub-heading ult-responsive\"  data-ultimate-target='.uvc-heading.ultimate-heading-774669e3537f17cce .uvc-sub-heading '  data-responsive-json-new='{\"font-size\":\"\",\"line-height\":\"\"}'  style=\"font-weight:normal;margin-bottom:50px;\">Vi preghiamo di leggere interamente il presente documento prima di procedere.<\/p>\n<p>Gli abstract dovranno essere redatti come segue:<br \/>\n\u2022 <strong>Lingua: Inglese<\/strong><br \/>\n\u2022 <strong>Numero massimo di caratteri<\/strong>, spazi inclusi: <strong>3500<\/strong> compresi titolo, autori ed affiliazioni<\/p>\n<p>Sono consentite le abbreviazioni standard comunemente in uso in medicina, gli altri acronimi vanno scritti per esteso al primo inserimento nel testo.<\/div><\/div><div class=\"standard-arrow list-divider bullet-top\"><ul>\n<li><strong>PASSAGGIO 1<\/strong><br \/>\nE\u2019 necessario compilare la scheda dei dati personali DEL PRESENTATORE. La compilazione dei campi \u00e8 condizione necessaria per poter proseguire.<br \/>\nVi preghiamo di controllare con attenzione che il vostro indirizzo di posta elettronica sia stato inserito correttamente!<\/li>\n<li><strong>PASSAGGIO 2<\/strong><br \/>\n\u00c8 necessario indicare il relativo tema di pertinenza (topic), scegliendolo tra gli argomenti riportati.<br \/>\n<strong><strong><strong><strong>Elenco Topic:<\/strong><\/strong><\/strong><\/strong><\/p>\n<table width=\"581\">\n<tbody>\n<tr>\n<td width=\"581\">Diagnostica della patologia oncologica generale<\/td>\n<\/tr>\n<tr>\n<td>Terapia della patologia oncologica generale<\/td>\n<\/tr>\n<tr>\n<td>Diagnostica della patologia oncologica del Sistema Nervoso Centrale<\/td>\n<\/tr>\n<tr>\n<td>Terapia della patologia oncologica del Sistema Nervoso Centrale<\/td>\n<\/tr>\n<tr>\n<td>Diagnostica della patologia oncologica di Testa-Collo (incluso tiroide)<\/td>\n<\/tr>\n<tr>\n<td>Terapia della patologia oncologica di Testa-Collo (incluso tiroide)<\/td>\n<\/tr>\n<tr>\n<td>Diagnostica della patologia oncologica del Torace (incluso mammella)<\/td>\n<\/tr>\n<tr>\n<td>Terapia della patologia oncologica de Torace (incluso mammella)<\/td>\n<\/tr>\n<tr>\n<td>Diagnostica della patologia oncologica Neuroendocrina<\/td>\n<\/tr>\n<tr>\n<td>Terapia della patologia oncologica Neuroendocrina<\/td>\n<\/tr>\n<tr>\n<td>Diagnostica della patologia oncologica Gastroenterica (incluso fegato)<\/td>\n<\/tr>\n<tr>\n<td>Terapia della patologia oncologica del Gastroenterica (incluso fegato)<\/td>\n<\/tr>\n<tr>\n<td>Diagnostica della patologia oncologica Urogenitale (maschile e femminile)<\/td>\n<\/tr>\n<tr>\n<td>Terapia della patologia oncologica Urogenitale (maschile e femminile)<\/td>\n<\/tr>\n<tr>\n<td>Diagnostica della patologia oncologica Muscoloscheletrica<\/td>\n<\/tr>\n<tr>\n<td>Terapia della patologia oncologica Muscoloscheletrica<\/td>\n<\/tr>\n<tr>\n<td>Diagnostica della patologia oncologica Ematologica<\/td>\n<\/tr>\n<tr>\n<td>Terapia della patologia oncologica Ematologica<\/td>\n<\/tr>\n<tr>\n<td>Cardiologia<\/td>\n<\/tr>\n<tr>\n<td>Neurologia disturbi del movimento<\/td>\n<\/tr>\n<tr>\n<td>Neurologia demenze<\/td>\n<\/tr>\n<tr>\n<td>Pediatria<\/td>\n<\/tr>\n<tr>\n<td>Endocrinologia diagnostica<\/td>\n<\/tr>\n<tr>\n<td>Endocrinologia terapia<\/td>\n<\/tr>\n<tr>\n<td>Gastroenterologia<\/td>\n<\/tr>\n<tr>\n<td>Nefro\/Urologia non oncologica<\/td>\n<\/tr>\n<tr>\n<td>Ortopedia<\/td>\n<\/tr>\n<tr>\n<td>Pneumologia<\/td>\n<\/tr>\n<tr>\n<td>Infezioni &#8211; Infiammazioni<\/td>\n<\/tr>\n<tr>\n<td>Chirurgia guidata dalle immagini<\/td>\n<\/tr>\n<tr>\n<td>Intelligenza Artificiale e Radiomica<\/td>\n<\/tr>\n<tr>\n<td>Fisica<\/td>\n<\/tr>\n<tr>\n<td>Dosimetria<\/td>\n<\/tr>\n<tr>\n<td>Radiofarmaci<\/td>\n<\/tr>\n<tr>\n<td>Pre-clinica<\/td>\n<\/tr>\n<tr>\n<td>Miscellanea<\/td>\n<\/tr>\n<tr>\n<td>TSRM<\/td>\n<\/tr>\n<tr>\n<td>HTA<\/td>\n<\/tr>\n<\/tbody>\n<\/table>\n<p>Occorre inoltre riportare il titolo del vostro abstract. Il titolo deve essere breve ed esprimere chiaramente la tipologia dello studio.<\/li>\n<\/ul>\n<\/div>[\/vc_column_inner][vc_column_inner width=&#8221;1\/2&#8243;]<div class=\"standard-arrow list-divider bullet-top\"><ul>\n<li><strong>PASSAGGIO 3<\/strong><br \/>\nE\u2019 possibile indicare gli autori dell&#8217;abstract seguendo le modalit\u00e0 di seguito specificate:<br \/>\nAutori: scritti in carattere maiuscolo nel modo seguente:<br \/>\n1. Cognome (Utilizzare carattere maiuscolo)<br \/>\n2. Nome (Utilizzare carattere maiuscolo)<br \/>\n3. Affiliazioni in inglese (Utilizzare carattere maiuscolo\/minuscolo) scritte in carattere maiuscolo\/minuscolo complete di:<br \/>\n\u2022 Unit or Section<br \/>\n\u2022 Department<br \/>\n\u2022 University and\/or Hospital<br \/>\n\u2022 City<\/li>\n<\/ul>\n<p>Si ricorda che \u00e8 necessario re-inserire il nome del Presentatore ed indicare il primo autore, \u00e8 inoltre possibile indicare la posizione di ogni autore nella lista degli autori dell\u2019abstract.<\/p>\n<ul>\n<li><strong>PASSAGGIO 4<br \/>\n<\/strong>Il corpo dell\u2019abstract dovr\u00e0 essere articolato nei seguenti 4 punti:<br \/>\n\u2022 <strong>Introduzione e Scopo<\/strong>: presupposti dello studio ed ipotesi sperimentale<br \/>\n\u2022 <strong>Metodi<\/strong>: approccio utilizzato per la ricerca (n. di casi e tipologia di procedure)<br \/>\n\u2022 <strong>Risultati<\/strong>: dati raccolti e breve descrizione analitica dei risultati (no tabelle)<br \/>\n\u2022 <strong>Conclusioni<\/strong>: sottolineare i risultati conseguiti sulla base dell\u2019ipotesi sperimentale e l\u2019impatto dei dati nel contesto della disciplina.<br \/>\nSi prega di non ripetere nel testo dell\u2019abstract i sottotitoli di ogni paragrafo (Background, Methods, Result, Conclusions). Vi invitiamo a digitare il testo dell\u2019abstract direttamente negli appositi spazi, per evitare che non vengano riportati caratteri speciali.<\/li>\n<li><strong>PASSAGGIO 5<\/strong><br \/>\nUna volta completata l\u2019operazione, La Segreteria Organizzativa vi informer\u00e0 circa l\u2019avvenuta accettazione\/rifiuto non appena si saranno conclusi i lavori di revisione.<\/li>\n<\/ul>\n<\/div>[\/vc_column_inner][\/vc_row_inner][\/vc_column][\/vc_row][vc_row disable_element=&#8221;yes&#8221;][vc_column][vc_empty_space]<div class=\" ubtn-ctn-center \"><a class=\"ubtn-link ult-adjust-bottom-margin ubtn-center ubtn-large \" href=\"https:\/\/submitabs.mzevents.it\/evento\/8jsTbBF1G2C_OcANxT_-ZFUHK2pZH-EphzRgDGWXTjw?lang=ita\" target=\"_blank\" rel=\"noopener\" ><button type=\"button\" id=\"ubtn-8384\"  class=\"ubtn ult-adjust-bottom-margin ult-responsive ubtn-large ubtn-no-hover-bg  none  ubtn-center   tooltip-69e3537f17e7b\"  data-hover=\"\" data-border-color=\"\" data-bg=\"#0467a3\" data-hover-bg=\"\" data-border-hover=\"\" data-shadow-hover=\"\" data-shadow-click=\"none\" data-shadow=\"\" data-shd-shadow=\"\"  data-ultimate-target='#ubtn-8384'  data-responsive-json-new='{\"font-size\":\"desktop:22px;\",\"line-height\":\"\"}'  style=\"font-weight:bold;border:none;background: #0467a3;color: #ffffff;\"><span class=\"ubtn-hover\" style=\"background-color:\"><\/span><span class=\"ubtn-data ubtn-text \" >INVIA IL TUO ABSTRACT<\/span><\/button><\/a><\/div>[\/vc_column][\/vc_row][vc_row][vc_column]<div id=\"ultimate-heading-51769e3537f17f06\" class=\"uvc-heading ult-adjust-bottom-margin ultimate-heading-51769e3537f17f06 uvc-6261  uvc-heading-default-font-sizes\" data-hspacer=\"icon_only\"  data-halign=\"center\" style=\"text-align:center\"><div class=\"uvc-main-heading ult-responsive\"  data-ultimate-target='.uvc-heading.ultimate-heading-51769e3537f17f06 h2'  data-responsive-json-new='{\"font-size\":\"\",\"line-height\":\"\"}' ><h2 style=\"--font-weight:theme;margin-top:30px;\">Modalit\u00e0 di presentazione in sede<\/h2><\/div><div class=\"uvc-heading-spacer icon_only\" style=\"margin-bottom:20px;\"><div class=\"ult-just-icon-wrapper  \"><div class=\"align-icon\" style=\"text-align:center;\">\n<div class=\"aio-icon advanced \"  style=\"color:#0467a3;border-style:dotted;border-color:#243d67;border-width:1px;width:50px;height:50px;line-height:50px;border-radius:500px;font-size:26px;display:inline-block;\">\n\t<i class=\"icomoon-the7-font-the7-arrow-05\"><\/i>\n<\/div><\/div><\/div><\/div><div class=\"uvc-sub-heading ult-responsive\"  data-ultimate-target='.uvc-heading.ultimate-heading-51769e3537f17f06 .uvc-sub-heading '  data-responsive-json-new='{\"font-size\":\"\",\"line-height\":\"\"}'  style=\"font-weight:normal;margin-bottom:30px;\">Tutti gli altri abstract accettati dovranno essere presentati come POSTER o COMUNICAZIONI ORALI in lingua italiana.<\/p>\n<p>I MIGLIORI POSTER E LE MIGLIORI COMUNICAZIONI ORALI VERRANNO PREMIATI DURANTE LA CERIMONIA CONCLUSIVA DEL CONGRESSO.<\/p>\n<p>Ogni abstract presentato al Congresso verr\u00e0 pubblicato cos\u00ec come ricevuto, vi preghiamo pertanto di prestare particolare attenzione alla lingua inglese, aspetto del quale verr\u00e0 tenuto conto anche durante la valutazione.<\/p>\n<p>Si possono sottomettere abstract non presentati in altri congressi o gi\u00e0 pubblicati su riviste.<\/p>\n<p><strong>Il presentatore di ogni poster dovr\u00e0 iscriversi al Congresso entro il 20 Marzo 2026.<\/strong><\/p>\n<p>Gli Abstract accettati e presentati in sede congressuale, come poster e come comunicazioni orali, saranno pubblicati in un supplemento on line del <em>Clinical and Translational Imaging. Reviews in Nuclear Medicine and Molecular Imaging<\/em>, accessibile attraverso la piattaforma SpringerLink, garanzia di ampia diffusione internazionale.<\/div><\/div>[\/vc_column][\/vc_row]<\/p>\n<\/div>","protected":false},"excerpt":{"rendered":"<p>[vc_row][vc_column][vc_row_inner disable_element=&#8221;yes&#8221;][vc_column_inner width=&#8221;1\/2&#8243;][\/vc_column_inner][vc_column_inner width=&#8221;1\/2&#8243;][\/vc_column_inner][\/vc_row_inner][\/vc_column][\/vc_row][vc_row disable_element=&#8221;yes&#8221;][vc_column][vc_empty_space][\/vc_column][\/vc_row][vc_row][vc_column][\/vc_column][\/vc_row]<\/p>\n","protected":false},"author":1,"featured_media":0,"parent":0,"menu_order":150,"comment_status":"closed","ping_status":"closed","template":"","meta":{"footnotes":""},"class_list":["post-14786","page","type-page","status-publish","hentry","description-off"],"_links":{"self":[{"href":"https:\/\/congresso.aimn.it\/index.php\/wp-json\/wp\/v2\/pages\/14786","targetHints":{"allow":["GET"]}}],"collection":[{"href":"https:\/\/congresso.aimn.it\/index.php\/wp-json\/wp\/v2\/pages"}],"about":[{"href":"https:\/\/congresso.aimn.it\/index.php\/wp-json\/wp\/v2\/types\/page"}],"author":[{"embeddable":true,"href":"https:\/\/congresso.aimn.it\/index.php\/wp-json\/wp\/v2\/users\/1"}],"replies":[{"embeddable":true,"href":"https:\/\/congresso.aimn.it\/index.php\/wp-json\/wp\/v2\/comments?post=14786"}],"version-history":[{"count":11,"href":"https:\/\/congresso.aimn.it\/index.php\/wp-json\/wp\/v2\/pages\/14786\/revisions"}],"predecessor-version":[{"id":16318,"href":"https:\/\/congresso.aimn.it\/index.php\/wp-json\/wp\/v2\/pages\/14786\/revisions\/16318"}],"wp:attachment":[{"href":"https:\/\/congresso.aimn.it\/index.php\/wp-json\/wp\/v2\/media?parent=14786"}],"curies":[{"name":"wp","href":"https:\/\/api.w.org\/{rel}","templated":true}]}}